{"id":13,"date":"2016-12-22T11:50:25","date_gmt":"2016-12-22T10:50:25","guid":{"rendered":"https:\/\/mas.strelnicasnv.sk\/web\/?page_id=13"},"modified":"2025-01-27T08:51:45","modified_gmt":"2025-01-27T07:51:45","slug":"fotogaleria","status":"publish","type":"page","link":"https:\/\/mas.strelnicasnv.sk\/?page_id=13","title":{"rendered":"Kontakt"},"content":{"rendered":"<p style=\"text-align: center;\"><em>Z\u00e1ujmov\u00e9 zdru\u017eenie pr\u00e1vnick\u00fdch os\u00f4b<\/em><\/p>\n<p style=\"text-align: center;\"><strong>Multifunk\u010dn\u00fd are\u00e1l Schulerloch<\/strong><\/p>\n<p style=\"text-align: center;\">J. Fabiniho 11, 052 01 Spi\u0161sk\u00e1 nov\u00e1 Ves<\/p>\n<p style=\"text-align: center;\"><span style=\"font-family: Arial, sans-serif;\"><span style=\"font-size: medium;\">I\u010cO : <strong>50197673<\/strong>\u00a0 \u00a0 \/\u00a0 \u00a0 \u00fa\u010det Fio banka:\u00a0<\/span><\/span><span style=\"font-family: Arial, sans-serif;\"><span style=\"font-size: medium;\">IBAN\u00a0\u00a0<\/span><\/span><span style=\"font-family: Arial, sans-serif;\"><span style=\"font-size: medium;\"><b>SK1683300000002200997705<\/b><\/span><\/span><\/p>\n<p style=\"text-align: center;\"><span class=\"contactPhone\">tel.: 0905 954431 <\/span><\/p>\n<p style=\"text-align: center;\"><span class=\"contactEmail\"><span id=\"rbcContactEmail\">e-mail: mas@strelnicasnv.sk<\/span><\/span><\/p>\n<p style=\"text-align: center;\">GPS\u00a0Sadov\u00e1 17: <strong>48.92896, 20.57057<\/strong> \u00a0a k cie\u013eu treba pokra\u010dova\u0165 2.2 km po spevnenej po\u013enej ceste pod\u013ea mapy<\/p>\n<p>&nbsp;<\/p>\n<p style=\"text-align: center;\"><iframe src=\"https:\/\/www.google.com\/maps\/embed?pb=!1m30!1m12!1m3!1d6321.720031802531!2d20.56038572987445!3d48.92426986624908!2m3!1f0!2f0!3f0!3m2!1i1024!2i768!4f13.1!4m15!3e0!4m3!3m2!1d48.9332735!2d20.5722794!4m3!3m2!1d48.9286204!2d20.5702478!4m5!1s0x473e4fb687842beb%3A0x6e301b638010ab06!2zTXVsdGlmdW5rxI1uw70gYXJlw6FsIFNjaHVsZXJsb2No!3m2!1d48.919447299999995!2d20.5541291!5e1!3m2!1ssk!2ssk!4v1716667357747!5m2!1ssk!2ssk\" width=\"600\" height=\"450\" style=\"border:0;\" allowfullscreen=\"\" loading=\"lazy\" referrerpolicy=\"no-referrer-when-downgrade\"><\/iframe><\/p>\n","protected":false},"excerpt":{"rendered":"<p>Z\u00e1ujmov\u00e9 zdru\u017eenie pr\u00e1vnick\u00fdch os\u00f4b Multifunk\u010dn\u00fd are\u00e1l Schulerloch J. Fabiniho 11, 052 01 Spi\u0161sk\u00e1 nov\u00e1 Ves I\u010cO : 50197673\u00a0 \u00a0 \/\u00a0&hellip;<\/p>\n","protected":false},"author":1,"featured_media":0,"parent":0,"menu_order":0,"comment_status":"closed","ping_status":"closed","template":"","meta":{"footnotes":""},"class_list":["post-13","page","type-page","status-publish","hentry"],"_links":{"self":[{"href":"https:\/\/mas.strelnicasnv.sk\/index.php?rest_route=\/wp\/v2\/pages\/13","targetHints":{"allow":["GET"]}}],"collection":[{"href":"https:\/\/mas.strelnicasnv.sk\/index.php?rest_route=\/wp\/v2\/pages"}],"about":[{"href":"https:\/\/mas.strelnicasnv.sk\/index.php?rest_route=\/wp\/v2\/types\/page"}],"author":[{"embeddable":true,"href":"https:\/\/mas.strelnicasnv.sk\/index.php?rest_route=\/wp\/v2\/users\/1"}],"replies":[{"embeddable":true,"href":"https:\/\/mas.strelnicasnv.sk\/index.php?rest_route=%2Fwp%2Fv2%2Fcomments&post=13"}],"version-history":[{"count":25,"href":"https:\/\/mas.strelnicasnv.sk\/index.php?rest_route=\/wp\/v2\/pages\/13\/revisions"}],"predecessor-version":[{"id":1398,"href":"https:\/\/mas.strelnicasnv.sk\/index.php?rest_route=\/wp\/v2\/pages\/13\/revisions\/1398"}],"wp:attachment":[{"href":"https:\/\/mas.strelnicasnv.sk\/index.php?rest_route=%2Fwp%2Fv2%2Fmedia&parent=13"}],"curies":[{"name":"wp","href":"https:\/\/api.w.org\/{rel}","templated":true}]}}