{"id":32,"date":"2016-12-22T13:21:05","date_gmt":"2016-12-22T12:21:05","guid":{"rendered":"https:\/\/mas.strelnicasnv.sk\/web\/?page_id=32"},"modified":"2023-12-26T20:29:24","modified_gmt":"2023-12-26T19:29:24","slug":"o-nas-2","status":"publish","type":"page","link":"https:\/\/mas.strelnicasnv.sk\/?page_id=32","title":{"rendered":"O n\u00e1s"},"content":{"rendered":"<p><img loading=\"lazy\" decoding=\"async\" class=\" wp-image-425 alignleft\" src=\"https:\/\/mas.strelnicasnv.sk\/web\/wp-content\/uploads\/2018\/11\/plagat-300x300.png\" alt=\"\" width=\"298\" height=\"298\" srcset=\"https:\/\/mas.strelnicasnv.sk\/web\/wp-content\/uploads\/2018\/11\/plagat-300x300.png 300w, https:\/\/mas.strelnicasnv.sk\/web\/wp-content\/uploads\/2018\/11\/plagat-150x150.png 150w, https:\/\/mas.strelnicasnv.sk\/web\/wp-content\/uploads\/2018\/11\/plagat.png 761w\" sizes=\"auto, (max-width: 298px) 100vw, 298px\" \/><span style=\"color: #000000;\">\u201eMultifunk\u010dn\u00fd are\u00e1l Schulerloch\u201d ( Z\u00e1ujmov\u00e9 zdru\u017eenie pr\u00e1vnick\u00fdch os\u00f4b), m\u00e1 za cie\u013e \u00a0revitaliz\u00e1ciu s\u00fa\u010dasn\u00e9ho \u00fazemia v pr\u00edmestskej \u00a0\u010dasti Spi\u0161skej Novej Vsi, v\u00fdstavbu multifunk\u010dn\u00e9ho are\u00e1lu na bezpe\u010dn\u00e9, kult\u00farne rekrea\u010dn\u00e9 a \u0161portov\u00e9 prostredie pre \u0161irok\u00fa \u00a0verejnos\u0165, pre \u0161portov\u00fa, \u00a0po\u013eovn\u00edcku \u00a0i \u00a0slu\u017eobn\u00fa stre\u013ebu.<\/span><\/p>\n<p><span style=\"color: #000000;\">Predmetom\u00a0 \u010dinnosti je najm\u00e4 \u00a0poskytovanie vybavenosti, pren\u00e1jmu a slu\u017eieb pre \u0161portov\u00e9, kult\u00farne a rekrea\u010dn\u00e9 aktivity, \u00a0vytv\u00e1ranie podmienok najm\u00e4 pre olympijsk\u00e9 \u0161portov\u00e9 streleck\u00e9 discipl\u00edny,\u00a0\u00a0vybudovanie a \u00a0prev\u00e1dzkovanie are\u00e1lu pre celoro\u010dn\u00e9 \u0161porty,<\/span><span style=\"color: #ff0000;\"><span style=\"color: #000000;\"> letn\u00fd a zimn\u00fd \u00a0biatlon<\/span><strong>, be\u017eeck\u00e9 ly\u017eovanie, turistiku,\u00a0\u00a0<\/strong><\/span><span style=\"color: #ff0000;\"><strong> Nordic Walking trate<\/strong><\/span><span style=\"color: #000000;\"> a cykloturistiku s\u00a0napojen\u00edm na okolit\u00e9 cyklotrasy.\u00a0<\/span><\/p>\n<p><span style=\"color: #000000;\">T\u00e1to webov\u00e1 str\u00e1nka sl\u00fa\u017ei k poskytnutiu z\u00e1kladn\u00fdch inform\u00e1ci\u00ed a koordin\u00e1ci\u00ed \u010dinnosti za \u00fa\u010delom plnenia cie\u013eov a predmetu \u00a0\u201eMA Schulerloch\u201c .<\/span><\/p>\n<p>&nbsp;<\/p>\n<p>&nbsp;<\/p>\n<h3>Zoznam \u010dlenov &#8222;MA Schulerloch&#8220;:<\/h3>\n<p><span lang=\"cs-CZ\">1.\/ OZ Klub spi\u0161sk\u00fdch strelcov, Radlinsk\u00e9ho 17,<\/span><\/p>\n<p><span lang=\"cs-CZ\">2.\/ OZ \u201eZ\u00e1kladn\u00e1 organiz\u00e1cia technick\u00fdch \u0161portov mesta Levo\u010da\u201c, Are\u00e1l strelnice,\u00a0<\/span><\/p>\n<p><span lang=\"cs-CZ\">3.\/ OZ \u201e\u0160portov\u00fd klub Fer\u010dekovce\u201c Spi\u0161sk\u00e1 3, 052 01 Spi\u0161sk\u00e1 Nov\u00e1 Ves,<\/span><\/p>\n<p><span lang=\"cs-CZ\">4.\/ OZ \u201e\u0160portovo strelecky klub Ru\u0161\u0148ov\u00e9 depo\u201c Spi\u0161sk\u00e1 Nov\u00e1 Ves, Javorova 12,<\/span><\/p>\n<p><span lang=\"cs-CZ\">5.\/ OZ Klub biatlonu a triatlonu SPI\u0160 ( KBT SPI\u0160 ), Odor\u00edn 12,<\/span><\/p>\n<p>6.\/ OZ Klub orienta\u010dn\u00e9ho behu \u010cingov\u00a0 (KOB \u010cingov)<\/p>\n<p><span lang=\"cs-CZ\">7.\/ OZ \u0160portov\u00fd klub \u0160ulerloch (klub be\u017eeck\u00e9ho ly\u017eovania a turistiky), Spi\u0161sk\u00e1 Nov\u00e1 Ves <\/span><\/p>\n","protected":false},"excerpt":{"rendered":"<p>\u201eMultifunk\u010dn\u00fd are\u00e1l Schulerloch\u201d ( Z\u00e1ujmov\u00e9 zdru\u017eenie pr\u00e1vnick\u00fdch os\u00f4b), m\u00e1 za cie\u013e \u00a0revitaliz\u00e1ciu s\u00fa\u010dasn\u00e9ho \u00fazemia v pr\u00edmestskej \u00a0\u010dasti Spi\u0161skej Novej Vsi,&hellip;<\/p>\n","protected":false},"author":1,"featured_media":0,"parent":0,"menu_order":0,"comment_status":"closed","ping_status":"closed","template":"","meta":{"footnotes":""},"class_list":["post-32","page","type-page","status-publish","hentry"],"_links":{"self":[{"href":"https:\/\/mas.strelnicasnv.sk\/index.php?rest_route=\/wp\/v2\/pages\/32","targetHints":{"allow":["GET"]}}],"collection":[{"href":"https:\/\/mas.strelnicasnv.sk\/index.php?rest_route=\/wp\/v2\/pages"}],"about":[{"href":"https:\/\/mas.strelnicasnv.sk\/index.php?rest_route=\/wp\/v2\/types\/page"}],"author":[{"embeddable":true,"href":"https:\/\/mas.strelnicasnv.sk\/index.php?rest_route=\/wp\/v2\/users\/1"}],"replies":[{"embeddable":true,"href":"https:\/\/mas.strelnicasnv.sk\/index.php?rest_route=%2Fwp%2Fv2%2Fcomments&post=32"}],"version-history":[{"count":19,"href":"https:\/\/mas.strelnicasnv.sk\/index.php?rest_route=\/wp\/v2\/pages\/32\/revisions"}],"predecessor-version":[{"id":1324,"href":"https:\/\/mas.strelnicasnv.sk\/index.php?rest_route=\/wp\/v2\/pages\/32\/revisions\/1324"}],"wp:attachment":[{"href":"https:\/\/mas.strelnicasnv.sk\/index.php?rest_route=%2Fwp%2Fv2%2Fmedia&parent=32"}],"curies":[{"name":"wp","href":"https:\/\/api.w.org\/{rel}","templated":true}]}}